 -4*f - 1. Let z(v) = v**2 + 22*v + 21. Let g(a) = -5*h(a) - z(a). Give g(7).
-79
Let y = -24 - -29. Suppose 0*t + y*t + 4*s = -15, 53 = -4*t + 5*s. Let o(q) = 6*q**3 - 5*q**3 + 7 - 17 + 6*q**2 - 9*q. Give o(t).
4
Let m(b) = -2*b**3 + 24*b**2 - 36*b - 55. Let t(j) = -j**3 + 12*j**2 - 17*j - 27. Let s(l) = -5*m(l) + 11*t(l). Calculate s(11).
22
Let b = -2400 - -2413. Let q(m) = -m**2 + 17*m - 1. Determine q(b).
51
Let y(u) = u**2 - 2*u + 1. Suppose -21*c = f - 16*c + 457, -f = -2*c + 436. Let h = 444 + f. Calculate y(h).
1
Let l(n) = -26*n**2 - 17*n - 58. Let z(m) = 14*m**2 + 9*m + 31. Let s(w) = 6*l(w) + 11*z(w). What is s(-3)?
-16
Let d(l) = -l**3 + 5*l**2 - 3*l + 2. Let t(c) be the third derivative of -c**6/120 - c**5/6 + c**4/2 + 5*c**3/2 + 2*c**2 + 4*c. Let m be t(-11). Give d(m).
6
Let m(c) = -20*c - 88. Let n be m(-5). Suppose n*h - 410 + 434 = 0. Let p(x) = 3*x**2 - x - 2. Give p(h).
12
Let y(z) = z**3 + z**2 + 4*z - 2. Let t(f) = -91*f - 3638. Let i be t(-40). Calculate y(i).
18
Let x(d) = -d**2 - 23*d + 3. Let w be 326/(-15) + 256/(-960). What is x(w)?
25
Let w(c) be the first derivative of -5 + 0*c + 3/2*c**2. Let a be (27/72)/(11/(-88)). Calculate w(a).
-9
Let u(q) = 11*q + 82. Let f(y) = 2*y**3 + 38*y**2 - 7*y - 143. Let a be f(-19). What is u(a)?
-28
Let i = 5 + -5. Let p be (6/4)/((-13)/(520/(-30))). Let w(b) = b**2 + 0*b**p - 6*b + 1 + i. Give w(5).
-4
Let o(v) be the third derivative of -7*v**5/60 + v**4/6 - v**3/2 - v**2 + 45*v. Let t be (42/(-9))/((-2)/3). Let x be (t + -15)*2/(-8). Determine o(x).
-23
Let t be ((-143)/(-44))/((-6)/(-8)) + (-96)/72. Let m(x) = -8*x + 30. Determine m(t).
6
Let r = -244 + 246. Let a(w) = 4*w**r - 8*w**2 - 1 + 3*w**2 + 3*w**2 + 16*w**3. Give a(-1).
-15
Let m(u) = -u**3 - 5*u**2 + u + 8. Let y be m(-4). Let t(h) = -h**2 - 12*h - 1. Let g(q) = -5*q**2 - 63*q - 4. Let d(n) = g(n) - 6*t(n). What is d(y)?
38
Let p(m) = -2*m + 1. Let j(k) = 10*k - 5. Let f(q) = 2*j(q) + 11*p(q). Suppose -u = 5*h + 15, 4*h - 5*h + 13 = -3*u. Give f(h).
5
Let s(r) = 12*r**2 + r - 1. Let v be (-4)/(-7) - 48/(-112). Suppose y = 4*h - 7, -3*y + 5*h - 4*h + v = 0. What is s(y)?
12
Let m(v) = v - 16. Suppose 3*y + 668 = 2*d + 695, 2*d = -3*y + 3. Calculate m(d).
-22
Let p(h) be the first derivative of -h**4/4 + 5*h**3/3 - 3*h**2 + 4*h - 3. Let y = 764 - 525. Let i = y - 235. Determine p(i).
-4
Let v(k) = -12454*k + k**3 - 9*k**2 + 10*k**2 + 2 + 12451*k. Calculate v(-2).
4
Let a(k) = -k + 16. Let g be 952/280 + (-6)/(-10). Suppose 4*j - 43 = -5*y, -g*y - 3*j + 4*j + 47 = 0. Calculate a(y).
5
Suppose 0 = 3*k + 5*k - 4*k. Let y(z) = z + 5. Let b(q) = -q + 1. Let u = -112 - -114. Let w(p) = u*b(p) + y(p). Calculate w(k).
7
Let d(n) = 13*n**2 + 21*n**2 + 3*n**2 + 49*n + n**3 + 36 - 20 - 11*n**2. Determine d(-24).
-8
Let s(o) be the second derivative of o**4/24 + 5*o**3/3 + 2*o**2 + 5*o. Let k(z) be the first derivative of s(z). Suppose 0 = -55*c + 49*c + 42. Calculate k(c).
17
Let h(r) = 119*r + 600. Let g be h(-5). Let o(l) = 2 + l**2 + 3*l**2 - l**3 - l**3 + l**3 + 6*l. Give o(g).
7
Let m(s) = 19 - s**2 + 18*s + 8*s - 2*s - 31*s + s. Calculate m(-9).
-8
Let n(y) = 235*y**3 + 1 + 4*y - 4*y + 9*y**2 - 234*y**3 - 12*y. Calculate n(-10).
21
Let z(n) = 2*n + 2. Suppose 3*l = 5*l - 5*t - 127, t = 5*l - 306. Let m be ((-1981)/(-1132))/(1/(-36)). Let f = l + m. What is z(f)?
-2
Let m(g) = 11 - 3*g**2 - 6 + 24 - 4 - 7 - 8*g. Determine m(-4).
2
Let i(x) be the second derivative of x**5/20 - 5*x**4/12 + x**3/2 + x**2/2 + 23*x. Let l(m) = m**2 + 52*m - 409. Let n be l(7). What is i(n)?
-3
Let u(d) be the first derivative of 39*d**2/2 - 105*d - 3297. What is u(3)?
12
Suppose 20*t - 32 + 252 = 0. Let m(u) = 5*u + 6. What is m(t)?
-49
Let i(z) be the third derivative of -z**5/60 - 5*z**4/24 - z**3/6 - 285*z**2 + 1. Calculate i(-5).
-1
Let m(j) = j. Let x be m(0). Let s = x - 1. Let z(w) be the second derivative of -13*w**4/12 - 36073*w + 2. Determine z(s).
-13
Let q(u) = -7*u - 12. Let k(y) = 4*y + 7. Let o(m) = 5*k(m) + 3*q(m). Let j(c) = -4*c - 21. Let f(x) = j(x) - 5*o(x). What is f(6)?
-10
Let q(b) = b**3 + 74*b**2 + 332*b + 3641. Let s be q(-70). Let g(p) be the first derivative of -13*p**4/4 - p**2/2 + p + 1. What is g(s)?
-13
Let u(s) = 2730 - 2721 - 16*s + 25*s. Calculate u(4).
45
Let q = 33 - 30. Let v be 10*(q/(-1))/6. Let f(n) = -1831*n + 905*n + 915*n - n**2 + 1. Give f(v).
31
Let k(a) = -a + 6. Let n = -146 - -130. Determine k(n).
22
Let t(p) = 3*p**2 - 9*p + 4. Let h be 18/(-63) + 72/(-42). Let k(n) = -4*n**2 + 10*n - 1. Let j(m) = h*k(m) - 3*t(m). What is j(5)?
0
Suppose 20 = 6*x - 2*x. Suppose o + x = 20. Let w(p) = 17 - p - 11*p**2 - p + o - 33. Calculate w(-1).
-10
Suppose -3*i + 58 = 5*n, -5*n - 14 + 36 = -3*i. Let m(g) = -g**3 + 9*g**2 - 9*g + 13. Calculate m(n).
5
Let d be (-6)/4*(260/15 - -2). Let x(w) = w**3 + 28*w**2 - 30*w - 30. Give x(d).
-1
Let a(o) = 6*o - 42. Suppose 13*r + 91 - 195 = 0. Give a(r).
6
Let d(i) = -1247*i**2 + 12*i + i**3 - 13 + 419*i**2 + 426*i**2 + 414*i**2. Let v(y) = y**2 - 21*y + 27. Let p be v(19). Give d(p).
-24
Let t(z) = -z**3 - 13*z**2 - 11*z + 14. Let r be t(-12). Let j(f) = -264*f**2 + 137*f**r + 3*f + 128*f**2. Calculate j(-5).
10
Let c(m) = m - 1. Let y(w) = 6*w**2 + 10 - 7*w - 41*w**2 + 34*w**2. Let q(k) = 3*c(k) + y(k). What is q(-5)?
2
Let l(p) = 26 + 8*p**2 - 68*p + 35*p - 16*p. Let z(y) = -3*y**2 + 17*y - 9. Let h(b) = 4*l(b) + 11*z(b). Calculate h(-10).
-5
Let k = -6589 - -6594. Let z(y) be the first derivative of 11*y + 1/3*y**3 - 16 - k*y**2. What is z(9)?
2
Let b(l) = l**3 + 7*l**2 + 4*l - 6. Suppose 2*n - x = -57, 2*x = -5*n - 72 - 75. Let r = -30 - n. Let z(w) = -1. Let s(t) = r*z(t) - b(t). Determine s(-6).
-5
Let p(v) = 12*v - 34 + 15*v**3 - 47*v**3 + 9*v**3 - 13*v**2 + 15*v**3 + 7*v**3. What is p(-14)?
-6
Let a(b) = 2*b**2 + 8*b - 6. Suppose 16*x - 8*x - 8 = -72. What is a(x)?
58
Let j = 33 + -29. Let p = 32 - 29. Let m(k) = -p*k + 8*k - j*k + 4. Calculate m(8).
12
Let m = 4 + -2. Let c(s) be the third derivative of -s**5/20 + s**4/6 - 610*s**2 - 2*s - 1. Calculate c(m).
-4
Let u(p) = 19*p + 3*p**2 - 36*p + p**2 + 24*p - 4 - p**3. Calculate u(5).
6
Let b = 304 - 310. Let m(h) = -h**2 - 8*h + 2. Let s be m(-8). Let p(u) = -3 + u + 3 - 4 - s. Calculate p(b).
-12
Let k be (-55)/22*(-2)/5. Let u(g) = 5*g**2 - 1. Let c be u(k). Let a(x) = x**3 - 4*x**2 + 4*x. Determine a(c).
16
Let r(n) = 7*n**2 + 5*n**2 - 21*n + 20*n - 11*n**2 + 2 - 4. Determine r(3).
4
Let d = -1 - -4. Let v(l) = d*l - 3*l + l + 2. Let g(r) = 2*r - 27. Let o be g(16). Give v(o).
7
Let j(n) be the third derivative of 5*n**4/24 + 47*n**3/6 + 818*n**2. What is j(-9)?
2
Let t be (-112)/(-18) + (-6)/27. Let l(i) be the first derivative of 1/4*i**4 + 5*i - 7/2*i**2 - 19 - 5/3*i**3. What is l(t)?
-1
Let g(f) = -13*f**2 + 14*f**2 + 335 + 1942*f - 1981*f. Give g(26).
-3
Let r(k) = k**2. Let u = -77 + 87. Suppose l - b = 3*b + 11, 0 = -l + b + 8. Suppose -3 = -u*t + l*t. Calculate r(t).
1
Let q(m) = 3*m**3 + 3*m**2 - 9*m + 16. Let d(l) = 8*l**3 + 10*l**2 - 27*l + 47. Let n(p) = 4*d(p) - 11*q(p). Determine n(5).
17
Let j be 0/2 - (-16 + 14). Suppose -32*g + 31*g = -j. Let p(o) = o - 8. Determine p(g).
-6
Let r = 8028 - 8028. Let x(a) = a**2 + a - 44. What is x(r)?
-44
Let g(o) = 2*o - 20. Let i be g(11). Suppose -i*k - 7 = 3*q, -16 = 4*q + 3*k + k. Let z(j) = -q + 1 - 5*j**2 + 6*j**2 + 5*j - 1. Give z(-6).
5
Let q be (2 - -43) + -46 + 50. Suppose -20*z - q = -13*z. Let k(n) = -n**3 - 8*n**2 - 5*n + 10. Calculate k(z).
-4
Let b(s) be the second derivative of 4 + 11/6*s**3 - 4*s**2 - 3*s + 1/12*s**4. Give b(-11).
-8
Let p(w) be the second derivative of w**4/12 - 5*w**3/3 + 9*w**2/2 - w. Let l be (65/2 + -1)/(117/156). Suppose 6*j = l*j - 216. Calculate p(j).
-15
Let h(l) = -9786*l**2 + 29351*l**2 - 9782*l**2 - 9785*l**2 - 5 - 39*l + 2. Calculate h(-17).
82
Suppose 5*t + 85 = 4*r, -23 = t - 8*r + 6*r. Let m(y) = y**2 + 16*y + 6. Give m(t).
-33
Let o(i) be the first derivative of -30*i**2 + 16*i + 24. Let m(p) = 12*p - 3. Let k(w) = 11*m(w) + 2*o(w). What is k(1)?
11
Let g(w) = -440*w**2 + 11*w - 442*w**2 + 883*w**2. Give g(5).
80
Let h = 149 - 147. Let b(r) = -r + r**3 + 0*r + 987*r**2 - 992*r**h + 6. Suppose 0 = 4*t 